 - (-2 - 5))
-4
(6 + -6 + 5 - -1) + -5
1
What is the value of -2 - -7 - (9 + -9)?
5
27 + -32 - (-10 + 1)
4
2 + (3 - 4) + -3
-2
-5 + (7 - (5 + -2))
-1
-1 + 6 + (-72 - -59)
-8
What is 8 + -5 - (-2 - -1)?
4
Calculate 2 + 4 + -2 + (9 - 16).
-3
What is the value of 6 - (-1 + 2 - -2)?
3
0 + -4 + 4 + 9 - 5
4
Evaluate (7 + -13 - -12) + -1.
5
What is the value of 2 - 2 - -2 - 0 - 3?
-1
What is the value of 2 - (-2 + 5) - (3 - 2)?
-2
12 + (-10 - (6 + -11))
7
Calculate (0 - 0 - -1) + (-5 - -1).
-3
Calculate -3 + (0 - 3 - -9) + -2.
1
What is -4 + 0 + -2 + 7?
1
Calculate 10 - 8 - (1 + 2).
-1
What is the value of (1 - 7) + (14 - 12) - 1?
-5
Evaluate 11 + 0 + (66 - 68).
9
4 - (3 + 0) - (-4 - -1)
4
Calculate (-10 + 4 - 0) + -2 + 1.
-7
Calculate 3 - 3 - (7 + -2).
-5
8 - (-5 - (-4 + -7))
2
Calculate 13 - (-13 - -27 - -2).
-3
Calculate 3 + -10 - (2 + -7).
-2
What is 2 + 3 + -176 + 164?
-7
(0 - -3 - -6) + -7 + 6
8
What is the value of 0 + -5 - (-4 - (1 - 4))?
-4
Calculate (-2 - -8) + (-3 - -2) + -1.
4
Evaluate -2 + -8 + -8 + 15.
-3
3 - (15 + -6 + -1 + 3)
-8
0 - (-1 + (-2 - -11) - 4)
-4
Calculate -27 + 22 + -1 + 8.
2
What is the value of 2 + -1 + (-11 - -18) + -11?
-3
What is the value of -2 + 0 + 1 + -3 + 3?
-1
What is the value of 241 + -248 + 4 + (3 - 1)?
-1
What is 4 + 4 - 10 - -4?
2
Evaluate 3 + -4 + -1 + -5 - -3.
-4
Calculate 4 + 2 + (2 - 7) + 2.
3
What is the value of (-1 - -3) + (1 - 1)?
2
Evaluate 6 - (1 - -2) - 0.
3
What is the value of 1 - -3 - 10 - -1?
-5
What is the value of 2 - 4 - (9 + -13)?
2
Calculate -1 + 4 + -5 + (2 - 1).
-1
(2 - -2) + (4 - 6)
2
Evaluate (0 - 2) + 2 - (-38 + 38).
0
Evaluate 1 + -18 + (-6 - -11) + 8.
-4
-5 + 2 + -53 + 65
9
What is 0 + 7 + (-2 - 1)?
4
(9 - 1) + (0 - 4) - 6
-2
What is the value of -1 + 0 + (0 - -2)?
1
What is 7 + -3 + (-5 - (6 - 9))?
2
What is the value of -12 - ((-8 - (5 + -10)) + -3)?
-6
Calculate 3 + (2 - 4) - (1 - 5).
5
Calculate -9 - (2 + -6) - -3.
-2
What is 5 - ((17 - (7 + -13)) + -7)?
-11
What is -2 + 5 + 2 + -7 - -5?
3
2 + (-10 - -4) - (2 - 1)
-5
Calculate 2 + -3 + (0 - (1 - 1)).
-1
Calculate (-37 - -31) + 0 + 1 - -5.
0
What is 6 - (-8 + 16) - (2 - 2)?
-2
What is the value of 3 + (2 + 3 - 2)?
6
What is the value of 5 - (0 - (-4 - -2))?
3
What is the value of 1 + (1 - 2) + -3?
-3
5 - (0 - 2 - -2)
5
What is 53 + -52 + (-2 - (0 + -1))?
0
Calculate (1 - -2) + -2 + 0 + -6.
-5
What is the value of 0 + 0 + -21 + 12?
-9
5 - 8 - -4 - -1
2
What is the value of 2 - -1 - 1 - 5?
-3
What is 0 + (-5 - 5) - -7?
-3
Calculate -4 + 0 + (-23 + 17 - -16).
6
10 + 10 + -18 - 5
-3
What is -5 + (16 - 9 - 10)?
-8
Evaluate -15 + 14 - (4 + -5).
0
Calculate (1 - (-8 + 22)) + 13.
0
(-9 - -12 - 0) + (-6 - 2)
-5
What is the value of -2 - (9 + (-2 - 3))?
-6
0 + -1 + 3 + -5
-3
(3 - (-4 + 1)) + -4 + -11
-9
Evaluate (2 + 0 - 8) + (-162 - -175).
7
Evaluate (48 - 46) + (-1 - 17) - -6.
-10
What is 1 + 3 + -8 + 3 + -4?
-5
Calculate -5 + -3 + 1 + 4 + 5.
2
Calculate (-6 - 0) + (-7 - -17).
4
Evaluate 7 - (-1 - -1) - 4 - 3.
0
Evaluate 1 + -10 - (1 - 4).
-6
Evaluate -9 + 1 + (4 - 6).
-10
Calculate -4 + -2 + 1 + -48 + 47.
-6
Calculate 3 + -4 - -1 - (5 - 7).
2
Calculate 1 - (-2 - (-3 - -3 - -5)).
8
-2 + (7 - (10 - 1))
-4
Evaluate 0 - 5 - (-1 - 2).
-2
What is -19 + -4 + 9 + 11?
-3
What is -6 - (-11 + 8 + -5 + -3)?
5
What is the value of 1 + 4 + 0 + 2 + -5?
2
(21 - (-11 - -20)) + -20
-8
Calculate -4 - (-5 + (8 - 0) + -1).
-6
Evaluate -2 + 2 + 0 + 2 + -3.
-1
Calculate 10 + 0 - (10 - 3).
3
(58 - 62) + 1 + -1 + 7
3
-4 - ((12 - 9) + -4)
-3
What is the value of (8 - (-2 - -6)) + -1?
3
What is the value of -1 - (0 - (-7 - -5))?
-3
Evaluate 10 + 2 + -7 + -13.
-8
(0 - -1 - -5) + -10
-4
Calculate (-6 - -4 - 1) + 1.
-2
What is 1 + 10 + (19 - 21) + -3?
6
Calculate -5 - -1 - (-1 + (0 - 1)).
-2
Evaluate (5 - (7 + -6)) + (-8 - -2).
-2
What is the value of -2 + (11 - 7) - (-1 - 0)?
3
-5 + -1 + 4 + 9
7
Calculate -1 + (-5 - -4) + 9.
7
What is the value of 11 - 0 - (130 - 111)?
-8
(11 - (-8 + 14)) + 1 + -3
3
What is (-3 - 0) + -10 + (-3 - -13)?
-3
Evaluate 2 + 2 - (-3 + (4 - -4)).
-1
What is (-3 - 1) + (-2 - -1)?
-5
What is the value of -2 - (-3 + 2 + 1)?
-2
26 - 5 - 14 - (6 - 0)
1
Calculate -3 + (3 - (2 - 3)) - -1.
2
What is 5 - (-8 - (-5 - -11 - 14))?
5
-4 + 3 - (-4 + 0)
3
-6 + 5 - 0 - (2 + -4)
1
-1 + -1 - (-16 - -7)
7
-1 + -2 + (3 + -3 - 4)
-7
What is (3 - 1) + 1 + 1 + -12?
-8
Evaluate 18 - 24 - (0 + -2).
-4
Evaluate (-3 - -14) + -3 - 1.
7
Evaluate (4 - (-2 + 7 + -2)) + 3.
4
What is the value of (-1 + -2 - (8 - 11)) + -6?
-6
Calculate 2 - 1 - (-9 - -9).
1
Calculate (-4 - 3) + (4 - -10).
7
Calculate -6 - ((6 - 1) + (9 - 18)).
-2
Calculate -8 - (1 - (-5 - -10)) - -4.
0
8 + -9 + (1 - -2)
2
(5 - (-11 + 12)) + -1
3
What is 12 + -7 - (2 - 1)?
4
What is (-7 - -7) + (0 - 0) - 2?
-2
Calculate -316 + 305 + (1 + 0 - -1).
-9
What is the value of -6 + (0 - -1 - -2) - -8?
5
What is (0 - 13) + 9 + -5?
-9
Calculate 8 - (10 - -12) - -5.
-9
Calculate 10 + 1 + -7 + 1.
5
Calculate (13 - (2 - -3)) + -6.
2
Evaluate (-1 - 4) + (-10 - -6 - -7).
-2
What is the value of 1 - -2 - 4 - 0 - 2?
-3
Calculate 7 + -1 - (4 + -20 + 12).
10
Evaluate (-6 - -1) + (9 - 9 - -10).
5
What is 4 - (8 + -1 - 3)?
0
What is -8 + 13 + 0 + (-1 - 2)?
2
Calculate 1 + -3 + (-1 - (-5 - 2)).
4
What is 2 + (0 - (20 - 14))?
-4
11 - 6 - 1 - (3 - 1)
2
What is -4 + -2 - -14 - (1 + 4)?
3
What is 21 + (-11 - (-1 - -3))?
8
What is -7 + -1 - (-122 - -113)?
1
What is 0 - 0 - (-24 + 12 - -18)?
-6
What is (1 - (-5 + 1)) + (-9 - -1)?
-3
Evaluate 5 + -8 - (-2 + -4 + 9).
-6
What is -4 + -9 + 10 - -3?
0
-5 + 5 + (8 - 4)
4
What is the value of -2 + (2 - 1) - (-1 + 4)?
-4
4 - (-8 - (-5 + -2))
5
What is the value of -3 - (-2 - (-3 - 0))?
-4
What is 48 + -56 - (0 - 18)?
10
What is the value of (-2 - -5) + 3 + -11?
-5
What is 5 + 2 - (-7 - (-7 - 2))?
5
Evaluate (19 - 13) + -8 - (-5 + -1).
4
Calculate -4 - (-4 + (3 - (7 + -4))).
0
(-1 - (0 - -3)) + 0
-4
Calculate 0 - -4 - (-5 + 5).
4
What is -1 + (13 - 4 - 5)?
3
Calculate (-27 - -22) + 4 + 3.
2
(5 - 7) + 7 + -10
-5
Evaluate -2 + -2 + (1 - 2 - -3).
-2
What is the value of -5 + 5 - (9 + -14 + -2)?
7
Calculate (-3 + 0 - -3 - 4) + 1.
-3
What is (0 - 10) + 5 + 0?
-5
(1 - (2 + -2)) + -60 + 64
5
What is the value of -20 + 12 + (3 - 0)?
-5
-7 + (-18 + 21 - (-2 - 0))
-2
Calculate 1 - (3 - (-1 + 0)) - -4.
1
What is the value of -2 + -1 + -2 + 7?
2
5 - 1 - (2 + 5)
-3
(12 + -7 - 4) + -1
0
-1 - (1 + -6 - (1 + -3))
2
-1 - (-3 + -8 + 6)
4
What is the value of -14 - ((-25 - -32) + (0 - 11))?
-10
What is 10 - (-5 + 12 - -9)?
-6
What is -26 + 27 - (2 + -1)?
0
Calculate 1 - 0 - (-47 - -48).
0
Calculate 0 + (3 - -3) + -9.
-3
-9 + 12 + (1 - 7)
-3
Calculate (5 - (-6 - -8)) + -7.
-4
Evaluate (-1 + 1 + 4 - 4) + 0.
0
(-1 - -2) + (0 - 4 - -1)
-2
What is the value of (-2 - -3) + -4 + 0?
-3
Evaluate 1 - -4 - (0 - (-5 + 2)).
2
Calculate (-38 - -41) + (-3 - 2).
-2
(-4 + 4 - -4) + -5
-1
Evaluate 10 + -8 - (8 - (3 - 3)).
-6
-4 - (-1 - 3) - 2 - -4
2
-3 + -5 + (1 - -11) - 3
1
Evaluate -5 + 8 + -1 + (-1 - 0).
1
What is 14 - 24 - (3 - 9)?
-4
What is the value of -4 - (-8 - -12 - (9 + -3))?
-2
Calculate 6 - (-2 + 3 + 3).
2
Calculate -14 + 8 - (-9 + -3).
6
What is -4 - ((2 - 0) + -6 + 5)?
-5
Calculate (-6 - -3 - -10) + -5.
2
Evaluate 0 - 1 - -7 - (6 - 6).
6
What is the value of 3 - (-3 - (5 + (-15 - -3)))?
-1
Evaluate 6 + -9 - (-3 - -2) - -4.
2
What is the value of 1 - (5 + (0 - 11 - -2))?
5
What is the value of 0 - -2 - (-2 + -1 + 0)?
5
What is 2 - 8 - 1 - (1 - 4)?
-4
(-1 - (2 + -2)) + 3
2
Calculate 0 + 4 + (-3 - 7) + 1.
-5
What is the value of (-3 - -6) + 2 + -8 + 0?
-3
What is the value of 2 + (3 - 8) - -4?
1
What is (-5 - (1 - 2)) + (-79 - -81)?
-2
Calculate (-3 - 8) + (1 - (-9 - -4)).
-5
Evaluate -7 + 9 + -7 + 4.
-1
-1 + -6 + 27 + -21
-1
What is 0 - -4 - (2 + -18 - -15)?
5
Calculate (15 - (17 - (3 - -6))) + -13.
-6
What is (6 - (5 + 0)) + -3?
-2
What is the value of (1 - (-4 + 3)) + -1?
1
Evaluate -5 - (1 - 2) - (17 - 23).
2
What is 3 + 1 + 5 + -6?
3
Evaluate 7 + -2 - (-5 + 9).
1
What is 7 - (5 + -2 + 9)?
-5
1 + 6 - (4 + -3 - -11)
-5
Calculate 1 + -6 - (-5 - -4).
-4
Calculate 8 - (2 - -4 - -3).
-1
What is (8 - 22) + 6 - -13?
5
Calculate 4 + (4 - (5 - (-6 + 2))).
-1
What is the value of 11 + -3 + -5 + 0?
3
Calculate (-19 -